{"id":78,"date":"2018-12-14T22:58:01","date_gmt":"2018-12-14T21:58:01","guid":{"rendered":"http:\/\/multisite-sciences.uqam.ca\/laboratoiresnaturels\/?page_id=78"},"modified":"2019-01-28T01:39:44","modified_gmt":"2019-01-28T00:39:44","slug":"references","status":"publish","type":"page","link":"https:\/\/multisite-sciences.uqam.ca\/laboratoiresnaturels\/references\/","title":{"rendered":"R\u00e9f\u00e9rences"},"content":{"rendered":"<h4>Articles et rapports<\/h4><p>Alvo, R. et Bonin, J. 2003. <a href=\"http:\/\/multisite-sciences.uqam.ca\/laboratoiresnaturels\/wp-content\/uploads\/sites\/3\/2019\/01\/Alvo_et_Bonin_2003.pdf\" target=\"_blank\" rel=\"noopener\"><em>Rapport sur la situation de la Salamandre sombre des montagnes (Desmognathus ochrophaeus) au Qu\u00e9bec<\/em>.<\/a> Soci\u00e9t\u00e9 de la faune et des parcs du Qu\u00e9bec.\u00a0<\/p><p>Alvo, R. et Bonin, J. 1998. <em>COSEWIC status report on the Mountain Dusky Salamander (Desmognathus ochrophaeus) in Canada<\/em>. Rapport pour le comit\u00e9 sur le statut des esp\u00e8ces menac\u00e9es au Canada.<\/p><p>Barrington, S., Philion, H. et Bonin, J. 1992. <em>An evaluation of the water reserve potentials: the ecological region of the Covey Hill \u00ab Gulf \u00bb.<\/em> Rapport du d\u00e9partement de g\u00e9nie agricole, Facult\u00e9 d\u2019agriculture et de sciences environnementales, Universit\u00e9 McGill, campus McDonald.<\/p><p>Bilodeau, I. 2004. <em>Caract\u00e9risation des sols sur la colline de Covey<\/em>. Rapport interne. Centre Brace pour les ressources en eau. Universit\u00e9 McGill, campus McDonald.<\/p><p>Bilodeau, I. 2002. <a href=\"http:\/\/multisite-sciences.uqam.ca\/laboratoiresnaturels\/wp-content\/uploads\/sites\/3\/2019\/01\/Bilodeau_2002.pdf\" target=\"_blank\" rel=\"noopener\"><em>Caract\u00e9risation g\u00e9ochimique et cartographie de l\u2019eau souterraine et des ruisseaux sur la colline de Covey Hill (Mont\u00e9r\u00e9gie, Qu\u00e9bec)<\/em>.<\/a> Rapport d\u2019activit\u00e9 de synth\u00e8se. D\u00e9partement des Sciences de la Terre et de l\u2019Atmosph\u00e8re, UQAM.\u00a0<\/p><p>Bonin, J. 1999. <em>Status report on the Four-toed Salamander\u00a0Hemidactylium scutatum\u00a0in Canada<\/em>. Report submitted to the Committee on the status of endangered wildlife in\u00a0Canada<\/p><p>Bonin, J. 1992. <em>Protection des salamandres du piedmont des Adirondacks<\/em>. Rapport pr\u00e9sent\u00e9 \u00e0 la Soci\u00e9t\u00e9 canadienne pour la conservation de la nature.<\/p><p>Bottolier-Curtet, M. 2007. <a href=\"http:\/\/multisite-sciences.uqam.ca\/laboratoiresnaturels\/wp-content\/uploads\/sites\/3\/2019\/01\/Bottolier-Curtet_2007.pdf\" target=\"_blank\" rel=\"noopener\"><em>Dynamique holoc\u00e8ne de la v\u00e9g\u00e9tation de la colline de Covey du massif des Adirondacks (Qu\u00e9bec m\u00e9ridional)<\/em>.<\/a> M\u00e9moire de Master 2, \u00c9cole nationale sup\u00e9rieure agronomique de Montpellier, Universit\u00e9 de Montpellier.<\/p><p>Boutin, A. 2003. <a href=\"http:\/\/multisite-sciences.uqam.ca\/laboratoiresnaturels\/wp-content\/uploads\/sites\/3\/2019\/01\/Boutin_2003.pdf\" target=\"_blank\" rel=\"noopener\"><em>Rapport pr\u00e9liminaire \u00e0 l\u2019\u00e9laboration d\u2019un projet de ma\u00eetrise sur la caract\u00e9risation de l\u2019habitat et la g\u00e9n\u00e9tique des populations de la salamandre sombre des montagnes (Desmognathus ochrophaeus) et des esp\u00e8ces apparent\u00e9es au genre\u00a0Desmognathus<\/em>.<\/a> Rapport pr\u00e9sent\u00e9 \u00e0 l\u2019\u00e9quipe de r\u00e9tablissement de salamandres.<\/p><p>Boutin, A. 2006. <a href=\"http:\/\/multisite-sciences.uqam.ca\/laboratoiresnaturels\/wp-content\/uploads\/sites\/3\/2019\/01\/Boutin_2006.pdf\" target=\"_blank\" rel=\"noopener\"><em>Caract\u00e9risation de l\u2019habitat d\u2019une communaut\u00e9 de salamandres de ruisseaux comportant des hybrides<\/em>.<\/a> M\u00e9moire de ma\u00eetrise, D\u00e9partement de sciences biologiques, Universit\u00e9 de Montr\u00e9al.\u00a0<\/p><p>COSEPAC. 2002. <a href=\"http:\/\/multisite-sciences.uqam.ca\/laboratoiresnaturels\/wp-content\/uploads\/sites\/3\/2019\/01\/Cosepac_2002.pdf\" target=\"_blank\" rel=\"noopener\"><em>\u00c9valuation et rapport de situation du COSEPAC sur la salamandre pourpre (Gyrinophilus porphyriticus) au Canada<\/em>.<\/a> Comit\u00e9 sur la situation des esp\u00e8ces en p\u00e9ril au Canada. Ottawa.\u00a0<\/p><p>C\u00f4t\u00e9, M.J., Lachance, Y., Lamontagne, C., Nastev, M., Plamondon, R. et Roy, N. 2006. <em>Atlas du bassin versant de la rivi\u00e8re Ch\u00e2teauguay<\/em>. Collaboration \u00e9troite avec la Commission g\u00e9ologique du Canada et l\u2019Institut national de la recherche scientifique \u2013 Eau, Terre et Environnement. Qu\u00e9bec : minist\u00e8re du D\u00e9veloppement durable, de l\u2019Environnement et des Parcs. 64 p.<\/p><p>Croteau, A., Nastev, M. et Lefebvre R. 2010. Groundwater recharge assessment in the Ch\u00e2teauguay River watershed. <em>Canadian Water Resources Journal<\/em>, 35(4)\u00a0: 451-468.\u00a0<\/p><p>Fournier, V. 2008. <a href=\"http:\/\/multisite-sciences.uqam.ca\/laboratoiresnaturels\/wp-content\/uploads\/sites\/3\/2019\/01\/Fournier_2008.pdf\" target=\"_blank\" rel=\"noopener\"><em>Hydrologie de la tourbi\u00e8re du mont Covey Hill et implications pour la conservation<\/em>.<\/a> M\u00e9moire de ma\u00eetrise, M.Sc. Terre, D\u00e9partement des sciences de la Terre et de l\u2019atmosph\u00e8re, Universit\u00e9 du Qu\u00e9bec \u00e0 Montr\u00e9al.\u00a0<\/p><p>Franzi, D., Rayburn, J.A., Yansa, C.H. et Knuepfer, P.L.K. 2002. <em>Late glacial water bodies in the Champlain and Hudson lowlands, New York<\/em>. Livret guide pour le New York State Geological Association\/New England Intercollegiate Geological Conference Joint Annual Meeting, pp. A5 1-23.\u00a0<\/p><p>Frenette, M. 2008. <em>Plan de conservation des salamandres de ruisseaux au mont Covey Hill, Mont\u00e9r\u00e9gie<\/em>. Pr\u00e9sent\u00e9 \u00e0 l\u2019\u00c9quipe de r\u00e9tablissement des salamandres de ruisseaux. 55 p.<\/p><p>Gagn\u00e9, S. 2010. <a href=\"http:\/\/multisite-sciences.uqam.ca\/laboratoiresnaturels\/wp-content\/uploads\/sites\/3\/2019\/01\/Gagn\u00e9_2010.pdf\" target=\"_blank\" rel=\"noopener\"><em>Apport de l\u2019eau souterraine aux cours d\u2019eau et estimation de la recharge sur le mont Covey Hill<\/em>.<\/a> M\u00e9moire de ma\u00eetrise, M.Sc. Terre, D\u00e9partement des sciences de la Terre et de l\u2019atmosph\u00e8re, Universit\u00e9 du Qu\u00e9bec \u00e0 Montr\u00e9al.<\/p><p>Girard, P., Levison, J.K., Parrott, L., Larocque, M., Ouellet, M.A., Green, D.M. 2015. <a href=\"http:\/\/multisite-sciences.uqam.ca\/laboratoiresnaturels\/wp-content\/uploads\/sites\/3\/2019\/01\/Girard_et_al_2015.pdf\" target=\"_blank\" rel=\"noopener\"><em>Modelling across-scale relationships between climate, hydrology, and individual animals: Generating scenarios for stream salamanders.<\/em><\/a> Frontiers in Environmental Science doi: 10.3389\/fenvs.2015.00051.<\/p><p>Globensky, Y. 1986. <em>G\u00e9ologie de la r\u00e9gion de Saint-Chrysostome et de Lachine (sud)<\/em>. Minist\u00e8re de l\u2019\u00e9nergie et des ressources. 167 p.\u00a0<\/p><p>Grover, M.C. et Wilbur, H.M. 2002. <em>Ecology of ecotones: Interactions between salamanders on a complex environmental gradient.<\/em>\u00a0Ecology\u00a083: 2112-2123.\u00a0<\/p><p>Griffiths, R. et Beebee, T. 1992. <em>Decline and fall of the amphibians.<\/em>\u00a0New Scientist\u00a0134(1827): 25-29.<\/p><p>Hersi, O.S. et Lavoie, D. 2000. <em>Pre-Cairnside Formation carbonate-rich sandstone: evidence for a Cambrian carbonate platform in southwestern Quebec?<\/em> Rapport 2000-D3, Commission g\u00e9ologique du Canada. 10 p.\u00a0<\/p><p>Hersi, O.S. et Lavoie, D. 2000b. <em>Lithostratigraphic revision of the Upper Cambrian Cairnside Formation, upper Postdam Group, southwestern Quebec<\/em>. Rapport 2000-D4, Commission g\u00e9ologique du Canada. 10 p.\u00a0<\/p><p>Jutras, J. 2003. <a href=\"http:\/\/multisite-sciences.uqam.ca\/laboratoiresnaturels\/wp-content\/uploads\/sites\/3\/2019\/01\/Jutras_2003.pdf\" target=\"_blank\" rel=\"noopener\"><em>Plan d\u2019intervention sur les salamandres de ruisseau du Qu\u00e9bec<\/em>.<\/a> Direction du d\u00e9veloppement de la faune, Soci\u00e9t\u00e9 de la faune et des parcs du Qu\u00e9bec, Qu\u00e9bec, 26 p.<\/p><p>Lagneau, L.A. 2006. <a href=\"http:\/\/multisite-sciences.uqam.ca\/laboratoiresnaturels\/wp-content\/uploads\/sites\/3\/2019\/01\/Lagneau_2006.pdf\" target=\"_blank\" rel=\"noopener\"><em>Caract\u00e9risation environnementale de la tourbi\u00e8re de la colline de Covey. Approches \u00e9cologiques et g\u00e9ophysique<\/em>.<\/a> Rapport de stage, Universit\u00e9 Catholique de l\u2019Ouest et Institut de recherche en biologie v\u00e9g\u00e9tale. 40 p.<\/p><p>Lapointe, F.J. et Lefebvre, I. 2008. <em>Protocole d\u2019\u00e9chantillonnage de la salamandre sombre des montagnes (Desmognathus ochrophaeus) \u00e0 Covey Hill \u00e0 des fins de suivi \u00e0 long terme des populations<\/em>. Rapport r\u00e9dig\u00e9 pour l\u2019\u00c9quipe de r\u00e9tablissement des salamandres de ruisseaux. Minist\u00e8re des Ressources naturelles et de la Faune. 30 p.<\/p><p>Larocque, M., Frenette, M. et Pellerin, S. 2007. <a href=\"http:\/\/multisite-sciences.uqam.ca\/laboratoiresnaturels\/wp-content\/uploads\/sites\/3\/2019\/01\/Larocque_et_al_2007.pdf\" target=\"_blank\" rel=\"noopener\"><em>Travaux r\u00e9alis\u00e9s au cours de l\u2019\u00e9t\u00e9 2007 en vue de la mise en place d\u2019un protocole de suivi de la salamandre sombre des montagnes au mont Covey Hill (Qu\u00e9bec)<\/em>.<\/a> Rapport pr\u00e9sent\u00e9 \u00e0 l\u2019\u00e9quipe de r\u00e9tablissement des salamandres de ruisseaux (version abr\u00e9g\u00e9e de ce rapport pr\u00e9sent\u00e9e au WWF-FREP).14 p.<\/p><p>Larocque, M., Leroux, G., Madramootoo, C., Lapointe, F.J., Pellerin, S. et Bonin, J. 2006. Mise en place d\u2019un laboratoire naturel sur le mont Covey Hill (Qu\u00e9bec, Canada).\u00a0<em>VertigO<\/em>, 7(1): 1-11.<\/p><p>Larocque, M., Parrott, L., Green, D., Lavoie, M., Pellerin, S., Levison, J., Girard, P. et Ouellet, M.-A. 2013. <a href=\"http:\/\/multisite-sciences.uqam.ca\/laboratoiresnaturels\/wp-content\/uploads\/sites\/3\/2019\/01\/Larocque_et_al_2013.pdf\" target=\"_blank\" rel=\"noopener\"><em>Mod\u00e9lisation hydrog\u00e9ologique et mod\u00e9lisation des populations de salamandres sur le mont Covey Hill : perspectives pour la conservation des habitats en pr\u00e9sence de changements climatiques<\/em>.<\/a> Rapport final remis \u00e0 Ouranos dans le cadre du Plan d\u2019action sur les changements climatiques du gouvernement du Qu\u00e9bec (PACC-26). Montr\u00e9al, 87 p.<\/p><p>Larocque, M. et Pellerin, S. 2006. <a href=\"http:\/\/multisite-sciences.uqam.ca\/laboratoiresnaturels\/wp-content\/uploads\/sites\/3\/2019\/01\/Larocque_et_al_2006.pdf\" target=\"_blank\" rel=\"noopener\"><em>Dynamique hydrologique des habitats de la salamandre sombre des montagnes et de la salamandre pourpre sur la colline de Covey<\/em>.<\/a> Rapport pr\u00e9sent\u00e9 au WWF-FREP. 40 p. (<em>attention PDF de 9 Meg<\/em>)\u00a0<\/p><p>Lavigne, M.A., Nastev, M. et Lefebvre R. 2010. <em>Mod\u00e9lisations num\u00e9riques de l\u2019\u00e9coulement r\u00e9gional de l\u2019eau souterraine dans le bassin versant de la rivi\u00e8re Ch\u00e2teauguay<\/em>. <em>Canadian Water Resources Journal<\/em> 35(4): 469-486.\u00a0<\/p><p>Lavoie, M., Pellerin, S., Larocque, M. 2013. Examining the role of allogenous and autogenous factors in the long-term dynamics of a temperate headwater peatland (southern Qu\u00e9bec, Canada). <em>Palaeogeography, Palaeoclimatology, Palaeoecology<\/em> 386: 336-348.<\/p><p>Lavoie, M., Pellerin, S., Larocque, M., Bottollier-Curtet, M. 2015. Late glacial and Holocene vegetation history in the northern foothills of the Adirondack Mountains. <em>Ecoscience<\/em>\u00a0<a href=\"http:\/\/dx.doi.org\/10.1080\/11956860.2015.1052203\">http:\/\/dx.doi.org\/10.1080\/11956860.2015.1052203<\/a><a href=\"http:\/\/dx.doi.org\/10.1080\/11956860.2015.1052203.\">.<\/a><\/p><p>Lefebvre, I. 2007a. <a href=\"http:\/\/multisite-sciences.uqam.ca\/laboratoiresnaturels\/wp-content\/uploads\/sites\/3\/2019\/01\/Lefebvre_2007a.pdf\" target=\"_blank\" rel=\"noopener\"><em>Protocole d\u2019\u00e9chantillonnage de la salamandre sombre des montagnes (Desmognathus ochrophaeus) \u00e0 Covey Hill \u00e0 des fins de suivi \u00e0 long terme des populations<\/em>.<\/a> Rapport pr\u00e9sent\u00e9 \u00e0 Conservation de la nature Canada. 10 p.<\/p><p>Lefebvre, I. 2007b. <a href=\"http:\/\/multisite-sciences.uqam.ca\/laboratoiresnaturels\/wp-content\/uploads\/sites\/3\/2019\/01\/Lefebvre_2007b.pdf\" target=\"_blank\" rel=\"noopener\"><em>R\u00e9sultats d\u2019un \u00e9chantillonnage pr\u00e9liminaire de la salamandre pourpre (Gyrinophilus porphyriticus) \u00e0 Covey Hill durant l\u2019\u00e9t\u00e9 2007<\/em>.<\/a> Rapport pr\u00e9sent\u00e9 \u00e0 Conservation de la nature Canada. 6 p.\u00a0<\/p><p>Leroux, G. 2005. <a href=\"http:\/\/multisite-sciences.uqam.ca\/laboratoiresnaturels\/wp-content\/uploads\/sites\/3\/2019\/01\/Leroux_2005.pdf\" target=\"_blank\" rel=\"noopener\"><em>R\u00e9seau des stations manuelles et de suivi int\u00e9gr\u00e9 au Laboratoire naturel de la colline de Covey Hill<\/em>.<\/a> Rapport interne. Centre Brace pour les ressources en eau. Universit\u00e9 McGill.\u00a0<\/p><p>Leroux, G., Madramootoo, C. et Bonin, J. 2005. <em>Mountain Dusky- and Spring Salamanders of southern Quebec: investigation of the habitat\u2019s hydrologic regime<\/em>. Rapport final pr\u00e9sent\u00e9 au World Wildlife Fund \u2013 Fonds pour le R\u00e9tablissement des Esp\u00e8ces en P\u00e9ril.\u00a0<\/p><p>Levison, J., Larocque, M., Ouellet, M.A., Ferland, O., Poirier, C. 2016. <a href=\"http:\/\/www.tandfonline.com\/doi\/full\/10.1080\/07011784.2015.1037795\">Long-term trends in groundwater recharge and discharge in a fractured bedrock aquifer \u2013 past and future conditions<\/a>. <em>Canadian Water Resources Journal <\/em>41(4): 500-514.<\/p><p>Levison, J., Larocque, M., Fournier, V., Gagn\u00e9, S., Pellerin, S. et Ouellet, M.-A. 2014. Dynamics of a headwater system and peatland under current conditions and with climate change. <em>Hydrologic Processes<\/em> 28(17): 4808-4822.<\/p><p>Levison, J.K., Larocque, M., Ouellet, M.A. 2014. Modeling low-flow bedrock providing ecological habitats with climate change scenarios. <em>Journal of Hydrology<\/em>, 515: 16-28.<\/p><p>Lewis, D.W. 1971. Qualitative petrographic interpretation of Potsdam sandstone (Cambrian), Southwestern Quebec.\u00a0<em>Canadian Journal of Earth Sciences<\/em>\u00a08(8) : 853-882.\u00a0<\/p><p>MacClintock, P. et Terasmae, J. 1960. Glacial history of Covey Hill.\u00a0<em>Journal of Geology<\/em>\u00a068 (2): 232-241.\u00a0<\/p><p>Meilleur, A., Bouchard, A. et Bergeron, Y. 1994. The relation between geomorphology and forest community types of the Haut-Saint-Laurent, Qu\u00e9bec.\u00a0<em>Vegetatio<\/em>, 111: 173-192.\u00a0<\/p><p>Nastev, M., Rivera, A., Lefebvre, R., Martel, M., Savard, M. 2005. Numerical simulation of groudwater flow in regional rock aquifers, southwestern Quebec, Canada.\u00a0<em>Hydrogeology Journal<\/em>\u00a013 (5-6): 835-848.\u00a0<\/p><p>Nastev, M., Morin, R., Godin, R., Rouleau, A. 2008. Developing conceptual hydrological model for Potsdam sandstones in southwestern Quebec, Canada.\u00a0<em>Hydrogeology Journal<\/em>\u00a016(2): 373-388.\u00a0<\/p><p>Pair, D.L. et Rodrigues, C.G. 1993. Late Quaternary deglaciation of the southwestern St. Lawrence Lowland, New York and Ontario.\u00a0<em>Geological Society of America Bulletin<\/em>\u00a0105 (9): 1151-1164.\u00a0<\/p><p>Paquette, S. et Domon, G. 2001. Trends in rural landscape development and sociodemographic recomposition in southern Quebec (Canada).\u00a0<em>Landscape and Urban Planning<\/em>\u00a055 (4): 215-238.\u00a0<\/p><p>Pellerin, S., Lagneau, L.A., Lavoie, M., Larocque, M. 2009. Environmental factors explaining the vegetation patterns in a temperate peatland.\u00a0<em>Comptes Rendus Biologies<\/em>\u00a0332 (8): 720-731.\u00a0<\/p><p>Pellerin, S., Larocque, M., Lavoie, M. 2008. <a href=\"http:\/\/multisite-sciences.uqam.ca\/laboratoiresnaturels\/wp-content\/uploads\/sites\/3\/2019\/01\/Pellerin_et_al_2008.pdf\" target=\"_blank\" rel=\"noopener\"><em>R\u00f4le hydrologique et \u00e9cologique r\u00e9gional de la tourbi\u00e8re de Covey Hill<\/em><em>.<\/em><\/a> Rapport pr\u00e9sent\u00e9 \u00e0 la Fondation EJLB, Montr\u00e9al. 63 p.\u00a0<\/p><p>Rayburn, J.A., Knuepfer, P.L.K. et Franzi, D.A. 2005. A series of large, Late Wisconsinian meltwater floods through the Champlain and Hudson valleys, New York State, USA.\u00a0<em>Quaternary Science Reviews<\/em>\u00a024(22): 2410-2419.\u00a0<\/p><p>Rosa, \u00c9., Larocque, M., Pellerin, S., Gagn\u00e9, S., Fournier, V. (2008). Determining the number of manual measurements required to improve peat thickness estimation by ground penetrating radar.\u00a0<em>Earth Surface Processes and Landforms<\/em>\u00a034(3): 377-383.<\/p><p>Rutherford, A., Leroux, G., Senecal, C., Boutin, A. et Madramootoo, C. 2004. <a href=\"http:\/\/multisite-sciences.uqam.ca\/laboratoiresnaturels\/wp-content\/uploads\/sites\/3\/2019\/01\/Rutherford_et_al_2004.pdf\" target=\"_blank\" rel=\"noopener\"><em>Using quantitative methods to gather small stream flow data for habitat characterization<\/em><em>.<\/em><\/a> Rapport interne. Centre Brace pour les ressources en eau, Universit\u00e9 McGill, campus McDonald.\u00a0<\/p><p>Sharbel, T.F. et Bonin, J. 1992. Northernmost record of\u00a0<em>Desmognathus ochrophaeus<\/em>: Biochemical identification in the Chateauguay River drainage basin, Qu\u00e9bec.\u00a0<em>Journal of Herpetology<\/em>\u00a026: 505-508.\u00a0<\/p><p>Tremblay, T. 2006. <em>G\u00e9ologie du Quaternaire et cartographie 3D dans le bassin versant de la rivi\u00e8re Ch\u00e2teauguay, Qu\u00e9bec<\/em>. M\u00e9moire de ma\u00eetrise, D\u00e9partement des Sciences de la Terre et de l\u2019Atmosph\u00e8re, Universit\u00e9 du Qu\u00e9bec \u00e0 Montr\u00e9al.\u00a0<\/p>","protected":false},"excerpt":{"rendered":"<p>Articles et rapportsAlvo, R. et Bonin, J. 2003. Rapport sur la situation de la Salamandre sombre des montagnes (Desmognathus ochrophaeus) au Qu\u00e9bec. Soci\u00e9t\u00e9 de la faune et des parcs du <a class=\"more-link\" href=\"https:\/\/multisite-sciences.uqam.ca\/laboratoiresnaturels\/references\/\">Continuer la lecture \u2192<\/a><\/p>\n","protected":false},"author":3,"featured_media":0,"parent":0,"menu_order":0,"comment_status":"closed","ping_status":"closed","template":"","meta":{"footnotes":""},"class_list":["post-78","page","type-page","status-publish","hentry"],"_links":{"self":[{"href":"https:\/\/multisite-sciences.uqam.ca\/laboratoiresnaturels\/wp-json\/wp\/v2\/pages\/78","targetHints":{"allow":["GET"]}}],"collection":[{"href":"https:\/\/multisite-sciences.uqam.ca\/laboratoiresnaturels\/wp-json\/wp\/v2\/pages"}],"about":[{"href":"https:\/\/multisite-sciences.uqam.ca\/laboratoiresnaturels\/wp-json\/wp\/v2\/types\/page"}],"author":[{"embeddable":true,"href":"https:\/\/multisite-sciences.uqam.ca\/laboratoiresnaturels\/wp-json\/wp\/v2\/users\/3"}],"replies":[{"embeddable":true,"href":"https:\/\/multisite-sciences.uqam.ca\/laboratoiresnaturels\/wp-json\/wp\/v2\/comments?post=78"}],"version-history":[{"count":14,"href":"https:\/\/multisite-sciences.uqam.ca\/laboratoiresnaturels\/wp-json\/wp\/v2\/pages\/78\/revisions"}],"predecessor-version":[{"id":463,"href":"https:\/\/multisite-sciences.uqam.ca\/laboratoiresnaturels\/wp-json\/wp\/v2\/pages\/78\/revisions\/463"}],"wp:attachment":[{"href":"https:\/\/multisite-sciences.uqam.ca\/laboratoiresnaturels\/wp-json\/wp\/v2\/media?parent=78"}],"curies":[{"name":"wp","href":"https:\/\/api.w.org\/{rel}","templated":true}]}}